r when 826 is divided by (15 - -212) + -6 - (-1 + 11)?
193
Suppose -237 - 111 = 9*m - 1752. Calculate the remainder when m is divided by 18.
12
Suppose 4*m = 2*a - 0 + 40, -58 = 2*a + 5*m. What is the remainder when 58 is divided by 12/(3 + (-27)/a*-2)?
10
Suppose -232*j + 5687 + 3934 = 341. Suppose 4*n + 0*n = -2*k + 30, -20 = -4*k. Calculate the remainder when j is divided by n.
0
Suppose 20 = 3*k + 2*k. Suppose 14 = 3*p + 5*q - 30, 50 = k*p - 2*q. Suppose 2107617*c - 35900 = 2106899*c. Calculate the remainder when c is divided by p.
11
Suppose -13*g = -4*g + 6885. Calculate the remainder when 29 is divided by 4/28 + (-11)/(385/g).
7
Let g = 16 - 0. Suppose -g*s + 18*s = 44. Suppose 0 = -0*y - 3*y + 15. Calculate the remainder when s is divided by y.
2
Let d be ((-4)/3)/((-3)/18). Suppose d = 5*g - 27. Suppose -2*b = 2*v - 116, -2*v + 269*b = 272*b - 115. What is the remainder when v is divided by g?
3
Let c = -11540 + 12303. What is the remainder when c is divided by 749?
14
Let b(k) = k**2 + k + 4. Let u = 971 - 726. Suppose 32*d = 25*d + u. What is the remainder when d is divided by b(4)?
11
Suppose 523*n - 2 = 522*n. Suppose n*u = 2*l + 3*u - 96, -2*u = 0. What is the remainder when 77 is divided by l?
29
Let t = 1498 - 1428. What is the remainder when 1288 is divided by t?
28
Let p(j) = -4*j**3 - 2*j**2 - 3*j - 1. Let c be p(-2). Suppose 14*g = 434 - 98. Let b = c - g. What is the remainder when 32 is divided by b?
2
Let c = 118 + -115. Suppose 4*v = 5*n - 310, -c*v = -2*n + 7*n - 310. What is the remainder when n is divided by 21?
20
Suppose 0 = -5*p + 7*y - 5*y - 208, -y - 85 = 2*p. Let x = p + 163. Calculate the remainder when x is divided by 16.
9
Suppose 0 = -2*l + g + 67, 0 = 2*l + 3*g + 2*g - 61. Calculate the remainder when l is divided by (1242/(-1656))/((3/80)/(8/(-16))).
3
Let z be (12 + -25)/((-2)/(-28)). Let f = 251 + z. What is the remainder when f is divided by 12?
9
Let w = 8492 + -8425. Calculate the remainder when 214 is divided by w.
13
Let p = -594 + 275. Let g = 352 + p. Suppose o = 3 + 6. What is the remainder when g is divided by o?
6
Let b(d) = 5*d - 151. Let x(h) = -30 - 16*h + 5*h + 11*h + h. Let z(s) = 2*b(s) - 11*x(s). What is the remainder when 67 is divided by z(11)?
16
Let o = 393 + -387. Let g(d) = -d**2 + 29*d - 105. Calculate the remainder when g(o) is divided by 6.
3
Let v(s) = s**3 - 21*s**2 - 12*s - 205. Let n be v(22). Suppose 4*t - n*a - 244 = -17*a, 2 = -a. Calculate the remainder when t is divided by 54.
8
Suppose h = -4*w + 13, 2*w + w = 6. Suppose 5*n = -h*u + u + 11, 0 = 2*u + 2. What is the remainder when 187 is divided by (43 - 2) + -6 + n?
35
Let k(t) = t**3 - 17*t**2 + 14*t + 35. Let p be k(16). Suppose -35 = -5*j + s, 15 = -p*s - 0. What is the remainder when 27 is divided by 24/6 + -3 - -1*j?
6
Let k(h) = h**2 + 65*h + 308. Calculate the remainder when 135 is divided by k(-60).
7
Let v(f) be the third derivative of -f**4/24 - 4*f**3/3 + 26*f**2. What is the remainder when 125 is divided by v(-15)?
6
Let t(o) be the second derivative of -o**4/12 + 7*o**3/3 + 15*o**2/2 + 52*o + 1. What is the remainder when t(14) is divided by 11?
4
Let l(p) = -6*p - 156. Let t be l(-38). Let z = -13 - -26. What is the remainder when t*(7/28 + 1) is divided by z?
12
Let c(r) be the second derivative of r**4/2 + 43*r**3/6 + 92*r**2 + 17*r + 6. Calculate the remainder when 1070 is divided by c(-5).
118
Suppose 18*a - 30*a + 15980 = 56*a. What is the remainder when 1625 is divided by a?
215
Let o = 65 - -28. Let a = -13 - -18. Suppose a*k = 2*k + o. What is the remainder when 92 is divided by k?
30
Let s = 336 + -195. Let v = 138 + s. Calculate the remainder when v is divided by 40.
39
What is the remainder when 829 is divided by (-3 - 5)/(24/(-672))?
157
Let m = 1411 - 1363. What is the remainder when m is divided by 11?
4
Let p(g) = 2*g**3 + 13*g**2 - 7*g + 17. Let u be p(-7). Suppose -u*v - 1017 = -26*v. What is the remainder when v is divided by 41?
31
Suppose -278 - 222 = 21*k - 71*k. Suppose -3*w - 7 + 184 = 0. What is the remainder when w is divided by k?
9
Suppose -22*z = -17*z - 40. What is the remainder when (z/(-1 + 0))/((-6)/48) is divided by 16 + 0 + -4 + 1?
12
Suppose 0 = -3*r + 4*d + 207, 5*r - 2*d - 136 = 3*r. What is the remainder when r is divided by 28?
9
Suppose -723*p + 761*p = 5814. What is the remainder when p is divided by 24?
9
Let l(k) = -17*k + 152. Let w be l(8). Let u(j) = j**3 - 17*j**2 + 24*j - 50. Calculate the remainder when 389 is divided by u(w).
77
Suppose -4*m = -2*m - 4. Let p(h) be the first derivative of 10*h**2 - 9*h + 7. Calculate the remainder when p(m) is divided by 8.
7
Suppose 0 = -11*i - 9 + 31. Suppose -91 = -i*r - 3*a, -19 - 95 = -3*r + 3*a. Calculate the remainder when 88 is divided by r.
6
Let y = -25244 + 25774. Calculate the remainder when y is divided by 47.
13
Let f = 792 - 187. Let j = -398 + f. Calculate the remainder when j is divided by 15.
12
Let o(b) = -4*b - 16. Let f be o(-5). Let y = -65 - -69. Suppose -4*q + 3*q = f, 0 = y*n - 3*q - 196. Calculate the remainder when n is divided by 24.
22
Let b(g) = g**3 + 77*g**2 + 290*g + 19. What is the remainder when b(-73) is divided by 26?
9
Suppose 6*t - 11*t = -v + 269, 268 = v - 4*t. Calculate the remainder when v is divided by 143.
121
Let a(k) = 2*k**2 - 20*k + 194. What is the remainder when 587 is divided by a(11)?
155
Suppose 0 = y + 91 - 19. Suppose 4*t + 172 = 2*q, -82*t + 84*t - 274 = -3*q. Let x = y + q. Calculate the remainder when 34 is divided by x.
16
Let y be (-8)/(-6)*(-30)/(-8). Calculate the remainder when 118 is divided by (11 - -26) + (-1 - y).
25
Let t(v) = 3*v**2 + v + 5. Suppose 3711 = 203*u + 14*u - 2799. What is the remainder when t(-6) is divided by u?
17
What is the remainder when 336/28 - (-411 + -14) is divided by 116?
89
Let p be (39 - 33) + 3 + -2 + -2. Suppose 0*f - f + 477 = p*l, -4*l - 3*f + 375 = 0. What is the remainder when l is divided by (4*-2)/((-4)/10)?
16
Suppose -21 = h - 80. Suppose -r + 4 = 1. Calculate the remainder when h is divided by r/9 + -1 - 96/(-9).
9
Let s(b) = 5*b + 94. Let u be s(-18). Calculate the remainder when 98 is divided by (2/u*-3)/((-1)/34).
47
Let o(s) = s**2 + 20*s + 27. Let u(d) = -20*d. Let j(t) = -t - 14. Let m be j(-15). Let k be u(m). What is the remainder when 77 is divided by o(k)?
23
Suppose -9*p + 8032 - 589 = 0. Suppose 492 = 3*s + 2*q, -5*s + 15*q + p = 16*q. What is the remainder when s is divided by 56?
54
Let u = 145 - 364. Let f = 350 + u. Let i(q) = 45*q**2 - q + 1. What is the remainder when f is divided by i(1)?
41
Calculate the remainder when ((-128)/(-12))/(-4)*(1794/(-24) + 5) is divided by 16.
10
Let n = -12119 - -12207. What is the remainder when 382 is divided by n?
30
Let y(m) = -3*m**2 - 20*m - 8. Let w be y(-6). What is the remainder when (97/w)/((-28)/(-224)) is divided by 65?
64
Let k = -3449 - -3476. Suppose 1442 = 2*n - 1028. Suppose -2*x - 958 = -4*c - 0*x, -5*c - 5*x + n = 0. What is the remainder when c is divided by k?
26
Suppose -8*h + 377 = -87. Let m = h - 44. Calculate the remainder when 39 is divided by m.
11
Suppose -4*l - l = -120. Suppose -g = -a - 3*g, -a - g + 3 = 0. What is the remainder when 8/20*(l - -1) is divided by a?
4
Suppose 2*v = -0*v - 7*v. Suppose v = 11*z - 15*z - 12. Calculate the remainder when (-6)/9*z + 57 is divided by 20.
19
Let z(u) = 626*u + 5056. Calculate the remainder when 581 is divided by z(-8).
5
Suppose -140 = 39*u - 43*u + 2*v, 2*u - 64 = -2*v. What is the remainder when 1179 is divided by u?
23
Let p(y) = 20*y**3 + 2*y + 1. Suppose 0 = -w - 4*s + 7, -8 = -5*s + 2. Let t be p(w). Calculate the remainder when 5 is divided by (-90)/t - 10/35.
1
Let k be 4*(-1)/2 - -6. Suppose -k*g + 208 = -0*g. What is the remainder when g is divided by 23?
6
Let m = -8491 - -8663. What is the remainder when 6534 is divided by m?
170
Let x = -396 - -1110. Suppose 281*j - x = 274*j. What is the remainder when j is divided by 21?
18
Let o(f) = -3*f + 17. Let q be o(5). Let n(a) = 5*a**3 - 3*a**2 + 2*a + 1. Calculate the remainder when 2 + (-250)/(-4) - 7/(-14) is divided by n(q).
32
Suppose -370 = -l - 4*l. Let g = l + 56. What is the remainder when g is divided by 22?
20
Let g = 4